{"id":31,"date":"2022-06-14T08:42:03","date_gmt":"2022-06-14T08:42:03","guid":{"rendered":"https:\/\/www.valencia.es\/participacentrecivicpatraix\/?page_id=31"},"modified":"2022-06-14T08:42:03","modified_gmt":"2022-06-14T08:42:03","slug":"enquesta","status":"publish","type":"page","link":"https:\/\/www.valencia.es\/participacentrecivicpatraix\/index.php\/enquesta\/","title":{"rendered":"Enquesta"},"content":{"rendered":"\n<div class=\"wp-block-columns is-layout-flex wp-container-core-columns-is-layout-28f84493 wp-block-columns-is-layout-flex\">\n<div class=\"wp-block-column is-layout-flow wp-block-column-is-layout-flow\" style=\"flex-basis:100%\">\n<div class=\"wp-block-group is-layout-flow wp-block-group-is-layout-flow\">\n<p> <\/p>\n\n\n\n<figure class=\"wp-block-pullquote has-luminous-vivid-orange-color has-luminous-vivid-orange-background-color has-text-color has-background\"><blockquote><p><a href=\"https:\/\/www.survio.com\/survey\/d\/W3P\/ParticipaCCPatraix\"><strong><em>Participa en l&#8217;enquesta<\/em><\/strong><\/a><\/p><\/blockquote><\/figure>\n<\/div>\n<\/div>\n<\/div>\n\n\n\n<figure class=\"wp-block-pullquote has-medium-font-size\" style=\"font-style:normal;font-weight:300\"><blockquote><p>Amb la voluntat de fomentar i millorar la participaci\u00f3 ciutadana del barri, et convidem a participar en aquesta enquesta que ens permetr\u00e0 recollir informaci\u00f3 sobre les oportunitats que poden existir al futur equipament del barri de Patraix. Les dades recollides permetran a l\u2019equip t\u00e8cnic saber la\u00a0teua\u00a0opini\u00f3 respecte als possibles usos que se li poden donar al futur centre c\u00edvic del barri.<\/p><p>Aquesta enquesta est\u00e0 inclosa dins la fase d\u2019an\u00e0lisi de la participaci\u00f3 del barri que est\u00e0 realitzant l\u2019Ajuntament\u00a0de Val\u00e8ncia a trav\u00e9s de l&#8217;assist\u00e8ncia t\u00e8cnica de monodestudio\u00a0coop. v. per a definir i establir els possibles usos del nou centre c\u00edvic.<\/p><\/blockquote><\/figure>\n","protected":false},"excerpt":{"rendered":"","protected":false},"author":1,"featured_media":0,"parent":0,"menu_order":0,"comment_status":"closed","ping_status":"closed","template":"","meta":{"footnotes":""},"class_list":["post-31","page","type-page","status-publish","hentry"],"_links":{"self":[{"href":"https:\/\/www.valencia.es\/participacentrecivicpatraix\/index.php\/wp-json\/wp\/v2\/pages\/31","targetHints":{"allow":["GET"]}}],"collection":[{"href":"https:\/\/www.valencia.es\/participacentrecivicpatraix\/index.php\/wp-json\/wp\/v2\/pages"}],"about":[{"href":"https:\/\/www.valencia.es\/participacentrecivicpatraix\/index.php\/wp-json\/wp\/v2\/types\/page"}],"author":[{"embeddable":true,"href":"https:\/\/www.valencia.es\/participacentrecivicpatraix\/index.php\/wp-json\/wp\/v2\/users\/1"}],"replies":[{"embeddable":true,"href":"https:\/\/www.valencia.es\/participacentrecivicpatraix\/index.php\/wp-json\/wp\/v2\/comments?post=31"}],"version-history":[{"count":1,"href":"https:\/\/www.valencia.es\/participacentrecivicpatraix\/index.php\/wp-json\/wp\/v2\/pages\/31\/revisions"}],"predecessor-version":[{"id":32,"href":"https:\/\/www.valencia.es\/participacentrecivicpatraix\/index.php\/wp-json\/wp\/v2\/pages\/31\/revisions\/32"}],"wp:attachment":[{"href":"https:\/\/www.valencia.es\/participacentrecivicpatraix\/index.php\/wp-json\/wp\/v2\/media?parent=31"}],"curies":[{"name":"wp","href":"https:\/\/api.w.org\/{rel}","templated":true}]}}