{"id":820,"date":"2022-12-23T09:56:58","date_gmt":"2022-12-23T09:56:58","guid":{"rendered":"https:\/\/www.valencia.es\/imaginaparcdesembocadura\/la-historia-del-viejo-cauce-del-turia\/"},"modified":"2022-12-26T09:40:56","modified_gmt":"2022-12-26T09:40:56","slug":"la-historia-del-viejo-cauce-del-turia","status":"publish","type":"page","link":"https:\/\/www.valencia.es\/imaginaparcdesembocadura\/la-historia-del-viejo-cauce-del-turia\/","title":{"rendered":"La hist\u00f2ria del vell llit del T\u00faria"},"content":{"rendered":"\t\t<div data-elementor-type=\"wp-page\" data-elementor-id=\"820\" class=\"elementor elementor-820\">\n\t\t\t\t\t\t\t\t\t<section class=\"elementor-section elementor-top-section elementor-element elementor-element-8b06cc6 elementor-section-boxed elementor-section-height-default elementor-section-height-default\" data-id=\"8b06cc6\" data-element_type=\"section\">\n\t\t\t\t\t\t<div class=\"elementor-container elementor-column-gap-default\">\n\t\t\t\t\t<div class=\"elementor-column elementor-col-100 elementor-top-column elementor-element elementor-element-a0f5bd4\" data-id=\"a0f5bd4\" data-element_type=\"column\">\n\t\t\t<div class=\"elementor-widget-wrap elementor-element-populated\">\n\t\t\t\t\t\t\t\t<div class=\"elementor-element elementor-element-c81f260 elementor-widget elementor-widget-heading\" data-id=\"c81f260\" data-element_type=\"widget\" data-widget_type=\"heading.default\">\n\t\t\t\t<div class=\"elementor-widget-container\">\n\t\t\t<style>\/*! elementor - v3.9.1 - 14-12-2022 *\/\n.elementor-heading-title{padding:0;margin:0;line-height:1}.elementor-widget-heading .elementor-heading-title[class*=elementor-size-]>a{color:inherit;font-size:inherit;line-height:inherit}.elementor-widget-heading .elementor-heading-title.elementor-size-small{font-size:15px}.elementor-widget-heading .elementor-heading-title.elementor-size-medium{font-size:19px}.elementor-widget-heading .elementor-heading-title.elementor-size-large{font-size:29px}.elementor-widget-heading .elementor-heading-title.elementor-size-xl{font-size:39px}.elementor-widget-heading .elementor-heading-title.elementor-size-xxl{font-size:59px}<\/style><h2 class=\"elementor-heading-title elementor-size-default\">La hist\u00f2ria del vell llit del T\u00faria\n<\/h2>\t\t<\/div>\n\t\t\t\t<\/div>\n\t\t\t\t\t<\/div>\n\t\t<\/div>\n\t\t\t\t\t\t\t<\/div>\n\t\t<\/section>\n\t\t\t\t<section class=\"elementor-section elementor-top-section elementor-element elementor-element-2c8567f5 elementor-section-boxed elementor-section-height-default elementor-section-height-default\" data-id=\"2c8567f5\" data-element_type=\"section\">\n\t\t\t\t\t\t<div class=\"elementor-container elementor-column-gap-default\">\n\t\t\t\t\t<div class=\"elementor-column elementor-col-100 elementor-top-column elementor-element elementor-element-6ce7698a\" data-id=\"6ce7698a\" data-element_type=\"column\">\n\t\t\t<div class=\"elementor-widget-wrap elementor-element-populated\">\n\t\t\t\t\t\t\t\t<div class=\"elementor-element elementor-element-75591f3c elementor-widget elementor-widget-text-editor\" data-id=\"75591f3c\" data-element_type=\"widget\" data-widget_type=\"text-editor.default\">\n\t\t\t\t<div class=\"elementor-widget-container\">\n\t\t\t<style>\/*! elementor - v3.9.1 - 14-12-2022 *\/\n.elementor-widget-text-editor.elementor-drop-cap-view-stacked .elementor-drop-cap{background-color:#818a91;color:#fff}.elementor-widget-text-editor.elementor-drop-cap-view-framed .elementor-drop-cap{color:#818a91;border:3px solid;background-color:transparent}.elementor-widget-text-editor:not(.elementor-drop-cap-view-default) .elementor-drop-cap{margin-top:8px}.elementor-widget-text-editor:not(.elementor-drop-cap-view-default) .elementor-drop-cap-letter{width:1em;height:1em}.elementor-widget-text-editor .elementor-drop-cap{float:left;text-align:center;line-height:1;font-size:50px}.elementor-widget-text-editor .elementor-drop-cap-letter{display:inline-block}<\/style>\t\t\t\t<p style=\"text-align: justify;\"><b>L\u2019abans riu i ara jard\u00ed del T\u00faria, columna vertebral de la ciutat, que la recorre d\u2019extrem a extrem i travessa tot el s\u00f2l urb\u00e0, i dels seus desenvolupaments, no sempre es va planificar com una infraestructura verda.<\/b><span lang=\"CA\"> En el PGOU de 1946 es va formular una proposta d\u2019urbanitzaci\u00f3 parcial amb algunes zones verdes, vies de tr\u00e0nsit r\u00e0pid i edificaci\u00f3.<\/span><\/p>\n<p style=\"text-align: justify;\"><span lang=\"CA\">Per la seua banda, l\u2019adaptaci\u00f3 del Pla general a la soluci\u00f3 sud, aprovada en 1966 <b>despr\u00e9s de la Riuada, proposava l\u2019\u00fas del llit com a viari de connexi\u00f3 entre l\u2019autopista de Castella i la del Mediterrani,<\/b> que sobrevolava fins a la d\u00e0rsena hist\u00f2rica del port. <b>Esta decisi\u00f3 es confront\u00e0 amb les mobilitzacions ve\u00efnals que reclamaren la utilitzaci\u00f3 del riu com a zona verda,&nbsp;<\/b>amb el lema reivindicatiu \u201cEl llit del T\u00faria \u00e9s nostre i el volem verd\u201d, conflicte que arrib\u00e0 fins a 1978, quan l\u2019Ajuntament acord\u00e0 modificar el PGOU i requalificar tot el llit exclusivament com a jard\u00ed.<\/span><\/p>\n<p style=\"text-align: justify;\"><span lang=\"CA\">Aix\u00ed, <b>la ciutat es va trobar amb la possibilitat de construir un parc lineal de vora 10 km de llarg\u00e0ria i 20 metres d\u2019ampl\u00e0ria mitjana,<\/b> referent de tants altres parcs posteriors com el <i>High Line<\/i> de Nova York.<\/span><\/p>\n<p style=\"text-align: justify;\"><span lang=\"CA\">Per a poder executar el parc, <b>el 1981 l\u2019Ajuntament encarreg\u00e0 a l\u2019arquitecte Ricardo Bofill la redacci\u00f3 d\u2019un avan\u00e7 de pla especial, en el qual va incloure la connexi\u00f3 amb el passeig Mar\u00edtim introduint-hi el parc en la d\u00e0rsena antiga.<\/b><\/span><\/p>\n<p style=\"text-align: justify;\"><span lang=\"CA\">L\u2019any 1982 l\u2019Ajuntament de Val\u00e8ncia va exposar als salons de la Llotja l\u2019exposici\u00f3 dels dibuixos i dissenys que integraven l\u2019avan\u00e7 del Pla especial de reforma interior (PERI) del T\u00faria. L\u2019exposici\u00f3 iniciava aix\u00ed un proc\u00e9s generalitzat de participaci\u00f3 p\u00fablica que va comptar amb un q\u00fcestionari per a la ciutadania <a href=\"https:\/\/www.valencia.es\/imaginaparcdesembocadura\/wp-content\/uploads\/2022\/12\/Questionari_ElTuria-Valencia_ExpoLonja-1982_intro-VTiM.pdf\">[consulteu-ne<\/a>&nbsp;<a href=\"https:\/\/www.valencia.es\/imaginaparcdesembocadura\/wp-content\/uploads\/2022\/12\/Questionari_ElTuria-Valencia_ExpoLonja-1982_intro-VTiM.pdf\">el document hist\u00f2ric ac\u00ed]<\/a> aix\u00ed com nombrosos actes p\u00fablics, taules redones i entrevistes.<\/span><\/p>\n<p style=\"text-align: justify;\"><span lang=\"CA\">Despr\u00e9s de diversos debats entre la concepci\u00f3 m\u00e9s cl\u00e0ssica o boscosa del jard\u00ed, els servicis municipals formalitzaren el Pla especial de reforma interior (PERI) del T\u00faria, que s\u2019aprov\u00e0 en febrer de 1984. I s\u2019acord\u00e0 dividir-lo en 18 trams.<\/span><\/p>\n<p style=\"text-align: justify;\"><span lang=\"CA\">L\u2019execuci\u00f3 del PERI del jard\u00ed del T\u00faria comen\u00e7\u00e0 pel tram 10-11, desenvolupat pel mateix Bofill, i el 2, dissenyat per l\u2019estudi d\u2019arquitectes <i>Vetges-tu<\/i>. Darrerament AUMSA (Societat An\u00f2nima Municipal Actuacions Urbanes de Val\u00e8ncia constitu\u00efda per l\u2019Ajuntament de Val\u00e8ncia) va executar el parc de Cap\u00e7alera (171.375 m<sup>2<\/sup>), dels arquitectes Arancha Mu\u00f1oz, Eduardo de Miguel i Vicente Corell, el qual es troba aig\u00fces amunt, a tocar de Campanar i Mislata, i que disposa d\u2019un llac de vora 28.252 m<sup>2<\/sup>. Ara, per\u00f2, en este temps, falten per desenvolupar la totalitat dels trams XVII i XVIII, i el tram XVI parcialment.<\/span><\/p>\n<p style=\"text-align: justify;\"><b>Han passat 40 anys des del projecte unitari per al llit vell del T\u00faria.<\/b><span lang=\"CA\"> Amb el parc de Desembocadura hi ha l\u2019oportunitat d\u2019una nova mirada integral al final del jard\u00ed del T\u00faria. Per aix\u00f2, s\u2019ha considerat que l\u2019\u00e0mbit del concurs havia d\u2019incloure tamb\u00e9 els trams pendents de desenvolupar el Pla especial del T\u00faria amb el prop\u00f2sit d\u2019obtindre una idea conjunta del final del riu en relaci\u00f3 amb els sectors de desenvolupament urban\u00edstic anomenats Fran\u00e7a, Ciutat de les Arts i les Ci\u00e8ncies, Moreres-II, Cocoters i Grau. En conjunt, la superf\u00edcie total de l\u2019actuaci\u00f3 abasta 253.441 m<sup>2<\/sup>, desglossada en quatre trams en l\u2019annex i que s\u2019ha d\u2019executar per fases, comen\u00e7ant per la mateixa desembocadura al barri de Natzaret per a millorar la transici\u00f3 entre la ciutat i el port.<\/span><\/p>\t\t\t\t\t\t<\/div>\n\t\t\t\t<\/div>\n\t\t\t\t\t<\/div>\n\t\t<\/div>\n\t\t\t\t\t\t\t<\/div>\n\t\t<\/section>\n\t\t\t\t\t\t\t<\/div>\n\t\t","protected":false},"excerpt":{"rendered":"<p>La hist\u00f2ria del vell llit del T\u00faria L\u2019abans riu i ara jard\u00ed del T\u00faria, columna vertebral de la ciutat, que la recorre d\u2019extrem a extrem i travessa tot el s\u00f2l urb\u00e0, i dels seus desenvolupaments, no sempre es va planificar com una infraestructura verda. En el PGOU de 1946 es va formular una proposta d\u2019urbanitzaci\u00f3 &hellip;<\/p>\n<p class=\"read-more\"> <a class=\"\" href=\"https:\/\/www.valencia.es\/imaginaparcdesembocadura\/la-historia-del-viejo-cauce-del-turia\/\"> <span class=\"screen-reader-text\">La hist\u00f2ria del vell llit del T\u00faria<\/span> Llegeix m\u00e9s &raquo;<\/a><\/p>\n","protected":false},"author":2,"featured_media":0,"parent":0,"menu_order":0,"comment_status":"closed","ping_status":"closed","template":"","meta":{"site-sidebar-layout":"default","site-content-layout":"default","ast-global-header-display":"","ast-main-header-display":"","ast-hfb-above-header-display":"","ast-hfb-below-header-display":"","ast-hfb-mobile-header-display":"","site-post-title":"disabled","ast-breadcrumbs-content":"","ast-featured-img":"","footer-sml-layout":"","theme-transparent-header-meta":"default","adv-header-id-meta":"","stick-header-meta":"","header-above-stick-meta":"","header-main-stick-meta":"","header-below-stick-meta":"","footnotes":""},"class_list":["post-820","page","type-page","status-publish","hentry"],"_links":{"self":[{"href":"https:\/\/www.valencia.es\/imaginaparcdesembocadura\/wp-json\/wp\/v2\/pages\/820","targetHints":{"allow":["GET"]}}],"collection":[{"href":"https:\/\/www.valencia.es\/imaginaparcdesembocadura\/wp-json\/wp\/v2\/pages"}],"about":[{"href":"https:\/\/www.valencia.es\/imaginaparcdesembocadura\/wp-json\/wp\/v2\/types\/page"}],"author":[{"embeddable":true,"href":"https:\/\/www.valencia.es\/imaginaparcdesembocadura\/wp-json\/wp\/v2\/users\/2"}],"replies":[{"embeddable":true,"href":"https:\/\/www.valencia.es\/imaginaparcdesembocadura\/wp-json\/wp\/v2\/comments?post=820"}],"version-history":[{"count":23,"href":"https:\/\/www.valencia.es\/imaginaparcdesembocadura\/wp-json\/wp\/v2\/pages\/820\/revisions"}],"predecessor-version":[{"id":874,"href":"https:\/\/www.valencia.es\/imaginaparcdesembocadura\/wp-json\/wp\/v2\/pages\/820\/revisions\/874"}],"wp:attachment":[{"href":"https:\/\/www.valencia.es\/imaginaparcdesembocadura\/wp-json\/wp\/v2\/media?parent=820"}],"curies":[{"name":"wp","href":"https:\/\/api.w.org\/{rel}","templated":true}]}}