{"id":388,"date":"2020-10-30T12:55:03","date_gmt":"2020-10-30T12:55:03","guid":{"rendered":"http:\/\/www.valencia.es\/superilla-petxina\/?page_id=388"},"modified":"2020-10-30T12:55:04","modified_gmt":"2020-10-30T12:55:04","slug":"proteccio-de-dades","status":"publish","type":"page","link":"http:\/\/www.valencia.es\/superilla-petxina\/proteccio-de-dades\/","title":{"rendered":"PROTECCI\u00d3 DE DADES"},"content":{"rendered":"\n<p>D&#8217;acord a la Llei 15\/1999 (Protecci\u00f3 de Dades) l&#8217;informem que les seues dades estan incloses en fitxers propietat de EL FABRICANTE DE ESPHERAS, COOP. V., per a la prestaci\u00f3 del servei acordat, podent exercir els drets d&#8217;acc\u00e9s, rectificaci\u00f3, cancel\u00b7laci\u00f3 i oposici\u00f3 mitjan\u00e7ant correu electr\u00f2nic a la direcci\u00f3\u00a0<a href=\"mailto:arco@elfabricantedeespheras.com\">arco@elfabricantedeespheras.com<\/a>.<\/p>\n\n\n\n<p>En nom de la empresa tractem la informaci\u00f3 que ens facilita amb la fi de convidar-li a esdeveniments relacionats amb el proc\u00e9s de participaci\u00f3 de la Superilla Petxina. Les dades proporcionats es conservaran mentre no es sol\u00b7licite el cessament de la activitat. Les dades no es cediran a tercers llevat en els casos en que existiria una obligaci\u00f3 legal. Vost\u00e8 t\u00e9 dret a obtindre confirmaci\u00f3 sobre si a el fabricante de espheras, coop. v. estem tractant les seues dades personals i per tant t\u00e9 dret a accedir a les seues dades personals, rectificar les dades inexactes o sol\u00b7licitar la seua supresi\u00f3 quan les dades ja no siguen necess\u00e0ries per als fins que foren arreplegades.<\/p>\n\n\n\n<p>Responsable: el fabricante de espheras, coop. v.\u00a0 <br>Dir. postal: C. Padre Hu\u00e9rfanos, 16 bajo derecha <br>Tel\u00e8fon: 961930080 \u00a0\u00a0\u00a0E-mail: oficina@elfabricantedeespheras.com<\/p>\n","protected":false},"excerpt":{"rendered":"<p>D&#8217;acord a la Llei 15\/1999 (Protecci\u00f3 de Dades) l&#8217;informem que les seues dades estan incloses en fitxers propietat de EL FABRICANTE DE ESPHERAS, COOP. V., per a la prestaci\u00f3 del servei acordat, podent exercir els drets d&#8217;acc\u00e9s, rectificaci\u00f3, cancel\u00b7laci\u00f3 i oposici\u00f3 mitjan\u00e7ant correu electr\u00f2nic a la direcci\u00f3\u00a0arco@elfabricantedeespheras.com. En nom de la empresa tractem la informaci\u00f3<\/p>\n<div><a class=\"btn-filled btn\" href=\"http:\/\/www.valencia.es\/superilla-petxina\/proteccio-de-dades\/\" title=\"PROTECCI\u00d3 DE DADES\">Leer m\u00e1s<\/a><\/div>\n","protected":false},"author":1,"featured_media":0,"parent":0,"menu_order":0,"comment_status":"closed","ping_status":"closed","template":"","meta":[],"_links":{"self":[{"href":"http:\/\/www.valencia.es\/superilla-petxina\/wp-json\/wp\/v2\/pages\/388"}],"collection":[{"href":"http:\/\/www.valencia.es\/superilla-petxina\/wp-json\/wp\/v2\/pages"}],"about":[{"href":"http:\/\/www.valencia.es\/superilla-petxina\/wp-json\/wp\/v2\/types\/page"}],"author":[{"embeddable":true,"href":"http:\/\/www.valencia.es\/superilla-petxina\/wp-json\/wp\/v2\/users\/1"}],"replies":[{"embeddable":true,"href":"http:\/\/www.valencia.es\/superilla-petxina\/wp-json\/wp\/v2\/comments?post=388"}],"version-history":[{"count":2,"href":"http:\/\/www.valencia.es\/superilla-petxina\/wp-json\/wp\/v2\/pages\/388\/revisions"}],"predecessor-version":[{"id":398,"href":"http:\/\/www.valencia.es\/superilla-petxina\/wp-json\/wp\/v2\/pages\/388\/revisions\/398"}],"wp:attachment":[{"href":"http:\/\/www.valencia.es\/superilla-petxina\/wp-json\/wp\/v2\/media?parent=388"}],"curies":[{"name":"wp","href":"https:\/\/api.w.org\/{rel}","templated":true}]}}