{"id":133,"date":"2020-09-15T07:37:09","date_gmt":"2020-09-15T07:37:09","guid":{"rendered":"http:\/\/www.valencia.es\/superilla-petxina\/?page_id=133"},"modified":"2020-12-02T14:01:27","modified_gmt":"2020-12-02T14:01:27","slug":"barrio-petxina","status":"publish","type":"page","link":"http:\/\/www.valencia.es\/superilla-petxina\/es\/barrio-petxina\/","title":{"rendered":"BARRIO PETXINA"},"content":{"rendered":"\n<p>El Ayuntamiento de Val\u00e8ncia ha decidido implantar la primera supermanzana de la ciudad de Val\u00e8ncia el interior del per\u00edmetro formado por las calles <strong>Literato Gabriel Mir\u00f3<\/strong>, <strong>Juan Llorens<\/strong>, <strong>Erudito Orellana <\/strong>y <strong>Gran V\u00eda Fernando el Cat\u00f3lico<\/strong>.<\/p>\n\n\n\n<p>El principal \u00e1mbito de intervenci\u00f3n se encuentra en la intersecci\u00f3n entre la calle <strong>Palleter <\/strong>(n\u00fameros 36 a 61) y <strong>Calixto III <\/strong>(n\u00fameros 1 a 29), incluyendo tambi\u00e9n la calle <strong>Padre Rico<\/strong>. <\/p>\n\n\n\n<figure class=\"wp-block-image size-large\"><img src=\"http:\/\/www.valencia.es\/superilla-petxina\/wp-content\/uploads\/2020\/09\/A4_Superilla-scaled.jpeg\" alt=\"\"\/><figcaption>Situaci\u00f3n de la supermanzana. Fuente: Elaboraci\u00f3n propia<\/figcaption><\/figure>\n\n\n\n<p>El cruce de calles Palleter y Calixto III tiene a su alrededor una estaci\u00f3n de metro (\u00c1ngel Guimer\u00e1) y varias paradas de autob\u00fas urbano e interurbano. En su entorno cuenta tambi\u00e9n con dos aparcamientos p\u00fablicos y numerosos privados, adem\u00e1s de los aparcamientos privados en los edificios residenciales.<\/p>\n\n\n\n<figure class=\"wp-block-image size-large\"><img src=\"http:\/\/www.valencia.es\/superilla-petxina\/wp-content\/uploads\/2020\/12\/Plano_Petxina_cast.jpg\" alt=\"\"\/><figcaption>Gu\u00eda de dise\u00f1o y transformaci\u00f3n sostenible del espacio p\u00fablico. Font: <a href=\"https:\/\/lekustudio.com\/\">LEKU Studio<\/a><\/figcaption><\/figure>\n\n\n\n<p><em>\u201cEntendemos que es una buena zona para dar seguridad en los accesos al centros escolares del \u00e1mbito.\u201d<\/em><\/p>\n\n\n\n<p><em>\u201cEn el entorno de este \u00e1mbito hay varios aparcamientos infrautilizados que pueden dar alternativa a la p\u00e9rdida de plazas de estacionamiento libre en superficie.\u201d<\/em><\/p>\n\n\n\n<p>Dicho \u00e1mbito forma parte del primer ensanche al oeste del centro hist\u00f3rico y se encuentra emplazado en el distrito extramurs, m\u00e1s concretamente en el barrio de la Petxina. Las calles del barrio de la Petxina est\u00e1n claramente caracterizadas por ser anchas, abiertas al tr\u00e1fico y predominantemente cuadriculadas (paralelas y perpendiculares entre s\u00ed). Dicho barrio queda delimitado por dos grandes v\u00edas paralelas: la avenida P\u00e9rez Gald\u00f3s, al oeste, y la Gran V\u00eda Fernando el Cat\u00f3lico, al este. Adem\u00e1s de estas dos grandes v\u00edas, el barrio est\u00e1 delimitado por el paseo de La Petxina al norte y las calles \u00c0ngel Guimer\u00e0 y Erudito Orellana al sur.<\/p>\n\n\n\n<figure class=\"wp-block-image size-large\"><img src=\"http:\/\/www.valencia.es\/superilla-petxina\/wp-content\/uploads\/2020\/09\/A4_2-copia-scaled.jpg\" alt=\"\"\/><figcaption>Situaci\u00f3n de la supermanzana en la ciudad de Valencia. Fuente: Elaboraci\u00f3n propia<\/figcaption><\/figure>\n\n\n\n<p>Los ensanches de la ciudad de Valencia se definen a trav\u00e9s de una trama hipod\u00e1mica, al estilo del <a rel=\"noreferrer noopener\" href=\"https:\/\/es.wikipedia.org\/wiki\/Plan_Cerd%C3%A1\" target=\"_blank\">Plan Cerd\u00e0 en Barcelona<\/a> o del <a rel=\"noreferrer noopener\" href=\"https:\/\/es.wikipedia.org\/wiki\/Ensanche_de_Madrid\" target=\"_blank\">Plan Castro en Madrid<\/a>. Esta estructura, en el espacio privado, se basa en concentrar los usos en manzanas cuadradas o rectangulares, con chaflanes, en que cada parcela tiene acceso desde la calle. La red viaria tiende a ser homog\u00e9nea, con la excepci\u00f3n de las grandes v\u00edas que act\u00faan como colectoras de tr\u00e1fico rodado.<\/p>\n\n\n\n<figure class=\"wp-block-image\"><img src=\"http:\/\/www.valencia.es\/superilla-petxina\/wp-content\/uploads\/2020\/09\/recorte_plan_ensanche.png\" alt=\"La imagen tiene un atributo ALT vac\u00edo; su nombre de archivo es recorte_plan_ensanche.png\"\/><figcaption>Proyecto de ensanche de Valencia y ampliaci\u00f3n del existente (1907). <br>Fuente: Llopis; Perdig\u00f3n (2016). Cartograf\u00eda hist\u00f3rica de la ciudad de Valencia (1608-1944). UPV<\/figcaption><\/figure>\n\n\n\n<p>A trav\u00e9s del siglo XX esa trama de calles homog\u00e9neas se ha ido dedicando, en un alto porcentaje, a aparcamiento y servicio del veh\u00edculo privado. En este esquema ha ido perdiendo peso la vida de barrio. En esta trama urbana las zonas verdes y los espacios libres se encuentran muy limitados, y s\u00f3lo los equipamientos encuentran su lugar asumiendo la f\u00e9rrea estructura de la trama impuesta. Dentro de esta evoluci\u00f3n del esquema viario se ha ido limitando al m\u00e1ximo el espacio para los desplazamientos no motorizados, que encuentran todos los obst\u00e1culos posibles en su actual formalizaci\u00f3n. El dise\u00f1o urbano queda al servicio de la eficiencia en los desplazamientos motorizados.<\/p>\n\n\n<style>#jtg-285 .modula-item .jtg-social a, .lightbox-socials.jtg-social a{ color: #ffffff }#jtg-285 .modula-item .jtg-social svg, .lightbox-socials.jtg-social svg { height: 16px; width: 16px }#jtg-285 .modula-item .jtg-social a:not(:last-child), .lightbox-socials.jtg-social a:not(:last-child) { margin-right: 10px }#jtg-285 .modula-item .caption { background-color: #ffffff;  }#jtg-285 .modula-item .figc {color:#ffffff;}#jtg-285 .modula-item .modula-item-content { transform: scale(1) }#jtg-285 { width:100%;}#jtg-285 .modula-items .figc p.description { font-size:14px; }#jtg-285 .modula-items .figc p.description { color:#ffffff;}#jtg-285 .modula-items .figc .jtg-title { color:#ffffff; }#jtg-285.modula-gallery .modula-item > a, #jtg-285.modula-gallery .modula-item, #jtg-285.modula-gallery .modula-item-content > a { cursor:zoom-in; } #jtg-285.modula-gallery .modula-item, .modula-gallery .modula-grid-sizer { width: calc(25% - 7.5px) !important ; } #jtg-285 .modula-items{position:relative;}@media screen and (max-width:480px){#jtg-285 .modula-item .figc .jtg-title {  font-size: 12px; }#jtg-285 .modula-items .figc p.description { color:#ffffff;font-size:10px; }}<\/style>\n<!-- Gallery Container -->\n<div  id=\"jtg-285\" class=\"modula modula-gallery modula-columns\" data-config=\"{&quot;enableTwitter&quot;:false,&quot;enableWhatsapp&quot;:false,&quot;enableFacebook&quot;:false,&quot;enablePinterest&quot;:false,&quot;enableLinkedin&quot;:false,&quot;enableEmail&quot;:false,&quot;randomFactor&quot;:0.5,&quot;type&quot;:&quot;grid&quot;,&quot;columns&quot;:12,&quot;gutter&quot;:10,&quot;enableResponsive&quot;:&quot;0&quot;,&quot;tabletColumns&quot;:&quot;2&quot;,&quot;mobileColumns&quot;:&quot;1&quot;,&quot;lazyLoad&quot;:&quot;0&quot;,&quot;lightboxOpts&quot;:{&quot;loop&quot;:false,&quot;arrows&quot;:true,&quot;toolbar&quot;:true,&quot;keyboard&quot;:false,&quot;wheel&quot;:false,&quot;buttons&quot;:[&quot;close&quot;],&quot;hash&quot;:false,&quot;lang&quot;:&quot;en&quot;,&quot;touch&quot;:false,&quot;protect&quot;:false,&quot;i18n&quot;:{&quot;en&quot;:{&quot;CLOSE&quot;:&quot;Close&quot;,&quot;NEXT&quot;:&quot;Next&quot;,&quot;PREV&quot;:&quot;Previous&quot;,&quot;Error&quot;:&quot;The requested content cannot be loaded. Please try again later.&quot;,&quot;PLAY_START&quot;:&quot;Start slideshow&quot;,&quot;PLAY_STOP&quot;:&quot;Pause slideshow&quot;,&quot;FULL_SCREEN&quot;:&quot;Full screen&quot;,&quot;THUMBS&quot;:&quot;Thumbnails&quot;,&quot;DOWNLOAD&quot;:&quot;Download&quot;,&quot;SHARE&quot;:&quot;Share&quot;,&quot;ZOOM&quot;:&quot;Zoom&quot;}},&quot;clickSlide&quot;:false,&quot;clickOutside&quot;:false,&quot;dblclickContent&quot;:false,&quot;dblclickSlide&quot;:false,&quot;dblclickOutside&quot;:false,&quot;clickContent&quot;:false,&quot;baseTpl&quot;:&quot;&lt;div class=\\&quot;modula-fancybox-container modula-lightbox-jtg-285\\&quot; role=\\&quot;dialog\\&quot; tabindex=\\&quot;-1\\&quot;&gt;&lt;div class=\\&quot;modula-fancybox-bg\\&quot;&gt;&lt;\\\/div&gt;&lt;div class=\\&quot;modula-fancybox-inner\\&quot;&gt;&lt;div class=\\&quot;modula-fancybox-infobar\\&quot;&gt;&lt;span data-fancybox-index&gt;&lt;\\\/span&gt;&nbsp;\\\/&nbsp;&lt;span data-fancybox-count&gt;&lt;\\\/span&gt;&lt;\\\/div&gt;&lt;div class=\\&quot;modula-fancybox-toolbar\\&quot;&gt;{{buttons}}&lt;\\\/div&gt;&lt;div class=\\&quot;modula-fancybox-navigation\\&quot;&gt;{{arrows}}&lt;\\\/div&gt;&lt;div class=\\&quot;modula-fancybox-stage\\&quot;&gt;&lt;\\\/div&gt;&lt;div class=\\&quot;modula-fancybox-caption\\&quot;&gt;&lt;div class=\\&quot;modula-fancybox-caption__body\\&quot;&gt;&lt;\\\/div&gt;&lt;\\\/div&gt;&lt;\\\/div&gt;&lt;\\\/div&gt;&quot;},&quot;inView&quot;:false,&quot;email_subject&quot;:&quot;Check out this awesome image !!&quot;,&quot;email_message&quot;:&quot;Here is the link to the image : %%image_link%% and this is the link to the gallery : %%gallery_link%%&quot;,&quot;grid_type&quot;:&quot;4&quot;,&quot;rowHeight&quot;:150,&quot;lastRow&quot;:&quot;justify&quot;,&quot;lightbox&quot;:&quot;fancybox&quot;}\">\n\n\t<div class=\"modula-grid-sizer\"> <\/div>\n\t<!-- Items Container -->\n\t<div  class=\"modula-items grid-gallery\">\n\t\t<div class=\"modula-item effect-pufrobo\" >\n\t<div class=\"modula-item-overlay\"><\/div>\n\n\t<div class=\"modula-item-content\">\n\n\t\t\t\t\n\t\t\t\t\t<a data-image-id=\"282\" href=\"http:\/\/www.valencia.es\/superilla-petxina\/wp-content\/uploads\/2020\/09\/Banco-copia.jpg\" rel=\"jtg-285\" data-caption=\"\" class=\"tile-inner modula-item-link\"><\/a>\n\t\t\n\t\t\n\t\t<img class='pic' data-valign=\"middle\" data-halign=\"center\" alt=\"\" data-full=\"http:\/\/www.valencia.es\/superilla-petxina\/wp-content\/uploads\/2020\/09\/Banco-copia.jpg\" width=\"300\" height=\"300\" src=\"http:\/\/www.valencia.es\/superilla-petxina\/wp-content\/uploads\/2020\/09\/Banco-copia-300x300_c.jpg\" data-src=\"http:\/\/www.valencia.es\/superilla-petxina\/wp-content\/uploads\/2020\/09\/Banco-copia-300x300_c.jpg\" data-caption=\"\"\/>\n\n\t\t\n\t\t<div class=\"figc no-description\">\n\t\t\t<div class=\"figc-inner\">\n\t\t\t\t\t\t\t\t\t\t\t\t\t\t\t<\/div>\n\t\t<\/div>\n\n\t<\/div>\n\n<\/div><div class=\"modula-item effect-pufrobo\" >\n\t<div class=\"modula-item-overlay\"><\/div>\n\n\t<div class=\"modula-item-content\">\n\n\t\t\t\t\n\t\t\t\t\t<a data-image-id=\"281\" href=\"http:\/\/www.valencia.es\/superilla-petxina\/wp-content\/uploads\/2020\/09\/Aparcamiento-copia.jpg\" rel=\"jtg-285\" data-caption=\"\" class=\"tile-inner modula-item-link\"><\/a>\n\t\t\n\t\t\n\t\t<img class='pic' data-valign=\"middle\" data-halign=\"center\" alt=\"\" data-full=\"http:\/\/www.valencia.es\/superilla-petxina\/wp-content\/uploads\/2020\/09\/Aparcamiento-copia.jpg\" width=\"300\" height=\"300\" src=\"http:\/\/www.valencia.es\/superilla-petxina\/wp-content\/uploads\/2020\/09\/Aparcamiento-copia-300x300_c.jpg\" data-src=\"http:\/\/www.valencia.es\/superilla-petxina\/wp-content\/uploads\/2020\/09\/Aparcamiento-copia-300x300_c.jpg\" data-caption=\"\"\/>\n\n\t\t\n\t\t<div class=\"figc no-description\">\n\t\t\t<div class=\"figc-inner\">\n\t\t\t\t\t\t\t\t\t\t\t\t\t\t\t<\/div>\n\t\t<\/div>\n\n\t<\/div>\n\n<\/div><div class=\"modula-item effect-pufrobo\" >\n\t<div class=\"modula-item-overlay\"><\/div>\n\n\t<div class=\"modula-item-content\">\n\n\t\t\t\t\n\t\t\t\t\t<a data-image-id=\"280\" href=\"http:\/\/www.valencia.es\/superilla-petxina\/wp-content\/uploads\/2020\/09\/Vegetacion-copia.jpg\" rel=\"jtg-285\" data-caption=\"\" class=\"tile-inner modula-item-link\"><\/a>\n\t\t\n\t\t\n\t\t<img class='pic' data-valign=\"middle\" data-halign=\"center\" alt=\"\" data-full=\"http:\/\/www.valencia.es\/superilla-petxina\/wp-content\/uploads\/2020\/09\/Vegetacion-copia.jpg\" width=\"300\" height=\"300\" src=\"http:\/\/www.valencia.es\/superilla-petxina\/wp-content\/uploads\/2020\/09\/Vegetacion-copia-300x300_c.jpg\" data-src=\"http:\/\/www.valencia.es\/superilla-petxina\/wp-content\/uploads\/2020\/09\/Vegetacion-copia-300x300_c.jpg\" data-caption=\"\"\/>\n\n\t\t\n\t\t<div class=\"figc no-description\">\n\t\t\t<div class=\"figc-inner\">\n\t\t\t\t\t\t\t\t\t\t\t\t\t\t\t<\/div>\n\t\t<\/div>\n\n\t<\/div>\n\n<\/div><div class=\"modula-item effect-pufrobo\" >\n\t<div class=\"modula-item-overlay\"><\/div>\n\n\t<div class=\"modula-item-content\">\n\n\t\t\t\t\n\t\t\t\t\t<a data-image-id=\"279\" href=\"http:\/\/www.valencia.es\/superilla-petxina\/wp-content\/uploads\/2020\/09\/Terraza-copia.jpg\" rel=\"jtg-285\" data-caption=\"\" class=\"tile-inner modula-item-link\"><\/a>\n\t\t\n\t\t\n\t\t<img class='pic' data-valign=\"middle\" data-halign=\"center\" alt=\"\" data-full=\"http:\/\/www.valencia.es\/superilla-petxina\/wp-content\/uploads\/2020\/09\/Terraza-copia.jpg\" width=\"300\" height=\"300\" src=\"http:\/\/www.valencia.es\/superilla-petxina\/wp-content\/uploads\/2020\/09\/Terraza-copia-300x300_c.jpg\" data-src=\"http:\/\/www.valencia.es\/superilla-petxina\/wp-content\/uploads\/2020\/09\/Terraza-copia-300x300_c.jpg\" data-caption=\"\"\/>\n\n\t\t\n\t\t<div class=\"figc no-description\">\n\t\t\t<div class=\"figc-inner\">\n\t\t\t\t\t\t\t\t\t\t\t\t\t\t\t<\/div>\n\t\t<\/div>\n\n\t<\/div>\n\n<\/div><div class=\"modula-item effect-pufrobo\" >\n\t<div class=\"modula-item-overlay\"><\/div>\n\n\t<div class=\"modula-item-content\">\n\n\t\t\t\t\n\t\t\t\t\t<a data-image-id=\"278\" href=\"http:\/\/www.valencia.es\/superilla-petxina\/wp-content\/uploads\/2020\/09\/Motos-copia.jpg\" rel=\"jtg-285\" data-caption=\"\" class=\"tile-inner modula-item-link\"><\/a>\n\t\t\n\t\t\n\t\t<img class='pic' data-valign=\"middle\" data-halign=\"center\" alt=\"\" data-full=\"http:\/\/www.valencia.es\/superilla-petxina\/wp-content\/uploads\/2020\/09\/Motos-copia.jpg\" width=\"300\" height=\"300\" src=\"http:\/\/www.valencia.es\/superilla-petxina\/wp-content\/uploads\/2020\/09\/Motos-copia-300x300_c.jpg\" data-src=\"http:\/\/www.valencia.es\/superilla-petxina\/wp-content\/uploads\/2020\/09\/Motos-copia-300x300_c.jpg\" data-caption=\"\"\/>\n\n\t\t\n\t\t<div class=\"figc no-description\">\n\t\t\t<div class=\"figc-inner\">\n\t\t\t\t\t\t\t\t\t\t\t\t\t\t\t<\/div>\n\t\t<\/div>\n\n\t<\/div>\n\n<\/div><div class=\"modula-item effect-pufrobo\" >\n\t<div class=\"modula-item-overlay\"><\/div>\n\n\t<div class=\"modula-item-content\">\n\n\t\t\t\t\n\t\t\t\t\t<a data-image-id=\"276\" href=\"http:\/\/www.valencia.es\/superilla-petxina\/wp-content\/uploads\/2020\/09\/Karate-copia.jpg\" rel=\"jtg-285\" data-caption=\"\" class=\"tile-inner modula-item-link\"><\/a>\n\t\t\n\t\t\n\t\t<img class='pic' data-valign=\"middle\" data-halign=\"center\" alt=\"\" data-full=\"http:\/\/www.valencia.es\/superilla-petxina\/wp-content\/uploads\/2020\/09\/Karate-copia.jpg\" width=\"300\" height=\"300\" src=\"http:\/\/www.valencia.es\/superilla-petxina\/wp-content\/uploads\/2020\/09\/Karate-copia-300x300_c.jpg\" data-src=\"http:\/\/www.valencia.es\/superilla-petxina\/wp-content\/uploads\/2020\/09\/Karate-copia-300x300_c.jpg\" data-caption=\"\"\/>\n\n\t\t\n\t\t<div class=\"figc no-description\">\n\t\t\t<div class=\"figc-inner\">\n\t\t\t\t\t\t\t\t\t\t\t\t\t\t\t<\/div>\n\t\t<\/div>\n\n\t<\/div>\n\n<\/div><div class=\"modula-item effect-pufrobo\" >\n\t<div class=\"modula-item-overlay\"><\/div>\n\n\t<div class=\"modula-item-content\">\n\n\t\t\t\t\n\t\t\t\t\t<a data-image-id=\"273\" href=\"http:\/\/www.valencia.es\/superilla-petxina\/wp-content\/uploads\/2020\/09\/Cruzar-mal-copia.jpg\" rel=\"jtg-285\" data-caption=\"\" class=\"tile-inner modula-item-link\"><\/a>\n\t\t\n\t\t\n\t\t<img class='pic' data-valign=\"middle\" data-halign=\"center\" alt=\"\" data-full=\"http:\/\/www.valencia.es\/superilla-petxina\/wp-content\/uploads\/2020\/09\/Cruzar-mal-copia.jpg\" width=\"300\" height=\"300\" src=\"http:\/\/www.valencia.es\/superilla-petxina\/wp-content\/uploads\/2020\/09\/Cruzar-mal-copia-300x300_c.jpg\" data-src=\"http:\/\/www.valencia.es\/superilla-petxina\/wp-content\/uploads\/2020\/09\/Cruzar-mal-copia-300x300_c.jpg\" data-caption=\"\"\/>\n\n\t\t\n\t\t<div class=\"figc no-description\">\n\t\t\t<div class=\"figc-inner\">\n\t\t\t\t\t\t\t\t\t\t\t\t\t\t\t<\/div>\n\t\t<\/div>\n\n\t<\/div>\n\n<\/div><div class=\"modula-item effect-pufrobo\" >\n\t<div class=\"modula-item-overlay\"><\/div>\n\n\t<div class=\"modula-item-content\">\n\n\t\t\t\t\n\t\t\t\t\t<a data-image-id=\"272\" href=\"http:\/\/www.valencia.es\/superilla-petxina\/wp-content\/uploads\/2020\/09\/Bici-copia.jpg\" rel=\"jtg-285\" data-caption=\"\" class=\"tile-inner modula-item-link\"><\/a>\n\t\t\n\t\t\n\t\t<img class='pic' data-valign=\"middle\" data-halign=\"center\" alt=\"\" data-full=\"http:\/\/www.valencia.es\/superilla-petxina\/wp-content\/uploads\/2020\/09\/Bici-copia.jpg\" width=\"300\" height=\"300\" src=\"http:\/\/www.valencia.es\/superilla-petxina\/wp-content\/uploads\/2020\/09\/Bici-copia-300x300_c.jpg\" data-src=\"http:\/\/www.valencia.es\/superilla-petxina\/wp-content\/uploads\/2020\/09\/Bici-copia-300x300_c.jpg\" data-caption=\"\"\/>\n\n\t\t\n\t\t<div class=\"figc no-description\">\n\t\t\t<div class=\"figc-inner\">\n\t\t\t\t\t\t\t\t\t\t\t\t\t\t\t<\/div>\n\t\t<\/div>\n\n\t<\/div>\n\n<\/div>\t\t\n\t<\/div>\n\n\t\n\t\n\t<script type=\"application\/ld+json\">\n\t{\n\t\t\"@context\": \"http:\/\/schema.org\",\n\t\t\"@type\"   : \"ImageGallery\",\n\t\t\"id\"      : \"http:\/\/www.valencia.es\/superilla-petxina\/wp-json\/wp\/v2\/pages\/133\",\n\t\t\"url\"     : \"http:\/\/www.valencia.es\/superilla-petxina\/wp-json\/wp\/v2\/pages\/133\"\n\t}\n\n    <\/script>\n\n\t\n<\/div>","protected":false},"excerpt":{"rendered":"<p>El Ayuntamiento de Val\u00e8ncia ha decidido implantar la primera supermanzana de la ciudad de Val\u00e8ncia el interior del per\u00edmetro formado por las calles Literato Gabriel Mir\u00f3, Juan Llorens, Erudito Orellana y Gran V\u00eda Fernando el Cat\u00f3lico. El principal \u00e1mbito de intervenci\u00f3n se encuentra en la intersecci\u00f3n entre la calle Palleter (n\u00fameros 36 a 61) y<\/p>\n<div><a class=\"btn-filled btn\" href=\"http:\/\/www.valencia.es\/superilla-petxina\/es\/barrio-petxina\/\" title=\"BARRIO PETXINA\">Leer m\u00e1s<\/a><\/div>\n","protected":false},"author":1,"featured_media":0,"parent":0,"menu_order":0,"comment_status":"closed","ping_status":"closed","template":"","meta":[],"_links":{"self":[{"href":"http:\/\/www.valencia.es\/superilla-petxina\/wp-json\/wp\/v2\/pages\/133"}],"collection":[{"href":"http:\/\/www.valencia.es\/superilla-petxina\/wp-json\/wp\/v2\/pages"}],"about":[{"href":"http:\/\/www.valencia.es\/superilla-petxina\/wp-json\/wp\/v2\/types\/page"}],"author":[{"embeddable":true,"href":"http:\/\/www.valencia.es\/superilla-petxina\/wp-json\/wp\/v2\/users\/1"}],"replies":[{"embeddable":true,"href":"http:\/\/www.valencia.es\/superilla-petxina\/wp-json\/wp\/v2\/comments?post=133"}],"version-history":[{"count":15,"href":"http:\/\/www.valencia.es\/superilla-petxina\/wp-json\/wp\/v2\/pages\/133\/revisions"}],"predecessor-version":[{"id":590,"href":"http:\/\/www.valencia.es\/superilla-petxina\/wp-json\/wp\/v2\/pages\/133\/revisions\/590"}],"wp:attachment":[{"href":"http:\/\/www.valencia.es\/superilla-petxina\/wp-json\/wp\/v2\/media?parent=133"}],"curies":[{"name":"wp","href":"https:\/\/api.w.org\/{rel}","templated":true}]}}