{"id":673,"date":"2018-04-17T00:11:58","date_gmt":"2018-04-16T23:11:58","guid":{"rendered":"http:\/\/www.valencia.es\/pladelremei\/?page_id=673"},"modified":"2018-04-17T07:53:55","modified_gmt":"2018-04-17T06:53:55","slug":"document","status":"publish","type":"page","link":"http:\/\/www.valencia.es\/pladelremei\/document\/","title":{"rendered":"Document"},"content":{"rendered":"<p><strong style=\"font-size: 1rem;\">Estrat\u00e8gia participativa Pla del Pla del Remei i Russafa<\/strong><\/p>\n<p>A\u00e7\u00ed tens tota la documentaci\u00f3 que recull el proc\u00e9s, l&#8217;informe i el resum.\u00a0<em>&gt;&gt; Pulsa a la imatge desitjada (o el t\u00edtol) per a descarregar el document:<\/em><\/p>\n<p><a href=\"https:\/\/goo.gl\/Uw2zCZ\"><img loading=\"lazy\" class=\"alignleft wp-image-688 size-medium\" src=\"http:\/\/www.valencia.es\/pladelremei\/wp-content\/uploads\/2018\/04\/Screen-Shot-2018-04-17-at-00.28.54-213x300.png\" alt=\"\" width=\"213\" height=\"300\" srcset=\"http:\/\/www.valencia.es\/pladelremei\/wp-content\/uploads\/2018\/04\/Screen-Shot-2018-04-17-at-00.28.54-213x300.png 213w, http:\/\/www.valencia.es\/pladelremei\/wp-content\/uploads\/2018\/04\/Screen-Shot-2018-04-17-at-00.28.54.png 642w\" sizes=\"(max-width: 213px) 100vw, 213px\" \/><\/a><\/p>\n<p>&nbsp;<\/p>\n<p>&nbsp;<\/p>\n<p>&nbsp;<\/p>\n<p>&nbsp;<\/p>\n<p>&nbsp;<\/p>\n<p>&nbsp;<\/p>\n<p>&nbsp;<\/p>\n<p><a href=\"https:\/\/goo.gl\/Uw2zCZ\">&gt;&gt; DOCUMENTO D00 INFORME.PDF<\/a>\u00a0 78MB<\/p>\n<p class=\"p1\">Formato A4 vertical \/\/ N\u00ba p\u00e1ginas: 359<\/p>\n<p class=\"p1\">El presente trabajo promovido por la Delegaci\u00f3n de Movilidad Sostenible del Ayuntamiento de Val\u00e8ncia y desarrollado por <a href=\"http:\/\/www.efgarquitectura.es\">EFG arquitectura<\/a>, tiene por objeto la elaboraci\u00f3n de una estrategia participativa que permita definir actuaciones prioritarias para la acci\u00f3n de gobierno sobre recuperaci\u00f3n de espacio p\u00fablico y calmado del tr\u00e1fico, que satisfagan las necesidades de las personas en ambos barrios teniendo en cuenta el conjunto de la ciudad, y fomenten la cohesi\u00f3n del tejido social y asociativo.<\/p>\n<p>&nbsp;<\/p>\n<p><a href=\"https:\/\/goo.gl\/PWTA21\"><img loading=\"lazy\" class=\"alignleft wp-image-687 size-medium\" src=\"http:\/\/www.valencia.es\/pladelremei\/wp-content\/uploads\/2018\/04\/Screen-Shot-2018-04-17-at-00.29.04-300x214.png\" alt=\"\" width=\"300\" height=\"214\" srcset=\"http:\/\/www.valencia.es\/pladelremei\/wp-content\/uploads\/2018\/04\/Screen-Shot-2018-04-17-at-00.29.04-300x214.png 300w, http:\/\/www.valencia.es\/pladelremei\/wp-content\/uploads\/2018\/04\/Screen-Shot-2018-04-17-at-00.29.04-768x547.png 768w, http:\/\/www.valencia.es\/pladelremei\/wp-content\/uploads\/2018\/04\/Screen-Shot-2018-04-17-at-00.29.04.png 902w\" sizes=\"(max-width: 300px) 100vw, 300px\" \/><\/a><\/p>\n<p>&nbsp;<\/p>\n<p>&nbsp;<\/p>\n<p>&nbsp;<\/p>\n<p>&nbsp;<\/p>\n<p>&nbsp;<\/p>\n<p><a href=\"https:\/\/goo.gl\/PWTA21\">&gt;&gt; RESUMEN PARTE 1.PDF<\/a>\u00a0 27MB<\/p>\n<p class=\"p1\">Formato A4 horizontal \/\/\u00a0<span style=\"font-size: 1rem;\">N\u00ba p\u00e1ginas: 21<\/span><\/p>\n<p class=\"p3\">Este documento es un resumen del proceso participativo que ha tenido lugar en Pla del Remei y Ruzafa. Las actividades participativas realizadas se relatan aqu\u00ed de forma escueta y sint\u00e9tica.<\/p>\n<p>&nbsp;<\/p>\n<p><a href=\"https:\/\/goo.gl\/dDyTdz\"><img loading=\"lazy\" class=\"alignleft wp-image-686 size-medium\" src=\"http:\/\/www.valencia.es\/pladelremei\/wp-content\/uploads\/2018\/04\/Screen-Shot-2018-04-17-at-00.29.20-300x214.png\" alt=\"\" width=\"300\" height=\"214\" srcset=\"http:\/\/www.valencia.es\/pladelremei\/wp-content\/uploads\/2018\/04\/Screen-Shot-2018-04-17-at-00.29.20-300x214.png 300w, http:\/\/www.valencia.es\/pladelremei\/wp-content\/uploads\/2018\/04\/Screen-Shot-2018-04-17-at-00.29.20-768x547.png 768w, http:\/\/www.valencia.es\/pladelremei\/wp-content\/uploads\/2018\/04\/Screen-Shot-2018-04-17-at-00.29.20.png 908w\" sizes=\"(max-width: 300px) 100vw, 300px\" \/><\/a><\/p>\n<p>&nbsp;<\/p>\n<p>&nbsp;<\/p>\n<p>&nbsp;<\/p>\n<p>&nbsp;<\/p>\n<p>&nbsp;<\/p>\n<blockquote><p><a href=\"https:\/\/goo.gl\/dDyTdz\">&gt; RESUMEN PARTE 2.PDF<\/a> 58MB<\/p><\/blockquote>\n<p>Formato A4 horizontal \/\/\u00a0<span style=\"font-size: 1rem;\">N\u00ba p\u00e1ginas: 69<\/span><\/p>\n<p>En este documento se presentan las l\u00edneas de acci\u00f3n propuestas derivadas del proceso participativo realizado, por tem\u00e1tica y plazo propuesto.<\/p>\n<p>&nbsp;<\/p>\n<p><a href=\"https:\/\/goo.gl\/NDh1qe\"><img loading=\"lazy\" class=\"alignleft wp-image-685 size-medium\" src=\"http:\/\/www.valencia.es\/pladelremei\/wp-content\/uploads\/2018\/04\/Screen-Shot-2018-04-17-at-00.29.25-300x213.png\" alt=\"\" width=\"300\" height=\"213\" srcset=\"http:\/\/www.valencia.es\/pladelremei\/wp-content\/uploads\/2018\/04\/Screen-Shot-2018-04-17-at-00.29.25-300x213.png 300w, http:\/\/www.valencia.es\/pladelremei\/wp-content\/uploads\/2018\/04\/Screen-Shot-2018-04-17-at-00.29.25-768x546.png 768w, http:\/\/www.valencia.es\/pladelremei\/wp-content\/uploads\/2018\/04\/Screen-Shot-2018-04-17-at-00.29.25.png 911w\" sizes=\"(max-width: 300px) 100vw, 300px\" \/><\/a><\/p>\n<p>&nbsp;<\/p>\n<p>&nbsp;<\/p>\n<p>&nbsp;<\/p>\n<p>&nbsp;<\/p>\n<p>&nbsp;<\/p>\n<blockquote><p><a href=\"https:\/\/goo.gl\/NDh1qe\">&gt; RESUMEN PARTE 3.PDF<\/a> 6MB<\/p><\/blockquote>\n<p>Formato A4 horizontal \/\/\u00a0<span style=\"font-size: 1rem;\">N\u00ba p\u00e1ginas: 13<\/span><\/p>\n<p>En este documento se recogen las conclusiones del proceso participativo, complementarias a las fichas de actuaciones propuestas en el marco del Plan de Pla del Remei i Russafa. Confluyen en ellas tambi\u00e9n los consensos alcanzados a partir del diagn\u00f3stico participativo asi como valoraciones y directrices que el equipo redactor aporta desde el an\u00e1lisis t\u00e9cnico del \u00e1rea.<\/p>\n<blockquote><p>Gr\u00e0cies a tots per la vostra participaci\u00f3 \ud83d\ude42<\/p><\/blockquote>\n","protected":false},"excerpt":{"rendered":"<p>Estrat\u00e8gia participativa Pla del Pla del Remei i Russafa A\u00e7\u00ed tens tota la documentaci\u00f3 que recull el proc\u00e9s, l&#8217;informe i el resum.\u00a0&gt;&gt; Pulsa a la imatge desitjada (o el t\u00edtol) per a descarregar el document: &nbsp; &nbsp; &nbsp; &nbsp; &nbsp; &nbsp; &nbsp; &gt;&gt; DOCUMENTO D00 INFORME.PDF\u00a0 78MB Formato A4 vertical \/\/ N\u00ba p\u00e1ginas: 359 El &hellip; <\/p>\n<p class=\"link-more\"><a href=\"http:\/\/www.valencia.es\/pladelremei\/document\/\" class=\"more-link\">Continuar leyendo<span class=\"screen-reader-text\"> \u00abDocument\u00bb<\/span><\/a><\/p>\n","protected":false},"author":1,"featured_media":670,"parent":0,"menu_order":0,"comment_status":"closed","ping_status":"closed","template":"","meta":[],"_links":{"self":[{"href":"http:\/\/www.valencia.es\/pladelremei\/wp-json\/wp\/v2\/pages\/673"}],"collection":[{"href":"http:\/\/www.valencia.es\/pladelremei\/wp-json\/wp\/v2\/pages"}],"about":[{"href":"http:\/\/www.valencia.es\/pladelremei\/wp-json\/wp\/v2\/types\/page"}],"author":[{"embeddable":true,"href":"http:\/\/www.valencia.es\/pladelremei\/wp-json\/wp\/v2\/users\/1"}],"replies":[{"embeddable":true,"href":"http:\/\/www.valencia.es\/pladelremei\/wp-json\/wp\/v2\/comments?post=673"}],"version-history":[{"count":34,"href":"http:\/\/www.valencia.es\/pladelremei\/wp-json\/wp\/v2\/pages\/673\/revisions"}],"predecessor-version":[{"id":719,"href":"http:\/\/www.valencia.es\/pladelremei\/wp-json\/wp\/v2\/pages\/673\/revisions\/719"}],"wp:featuredmedia":[{"embeddable":true,"href":"http:\/\/www.valencia.es\/pladelremei\/wp-json\/wp\/v2\/media\/670"}],"wp:attachment":[{"href":"http:\/\/www.valencia.es\/pladelremei\/wp-json\/wp\/v2\/media?parent=673"}],"curies":[{"name":"wp","href":"https:\/\/api.w.org\/{rel}","templated":true}]}}